{"id":368,"date":"2024-09-19T16:58:16","date_gmt":"2024-09-19T14:58:16","guid":{"rendered":"https:\/\/www.lesamisdeceillac.fr\/?page_id=368"},"modified":"2025-02-13T11:46:09","modified_gmt":"2025-02-13T10:46:09","slug":"nous-aider-2","status":"publish","type":"page","link":"https:\/\/www.lesamisdeceillac.fr\/index.php\/nous-aider-2\/","title":{"rendered":"ADH\u00c9RER ~ NOUS AIDER"},"content":{"rendered":"\n<p>Parce que notre mission \u00ab\u00a0La sauvegarde et la mise en valeur des patrimoines Ceillaquins\u00a0\u00bb n\u00e9cessite des moyens, nous avons besoin de votre soutien.<\/p>\n\n\n\n<div style=\"height:21px\" aria-hidden=\"true\" class=\"wp-block-spacer\"><\/div>\n\n\n\n<figure class=\"wp-block-image aligncenter size-large is-resized\"><img loading=\"lazy\" decoding=\"async\" width=\"1024\" height=\"790\" src=\"https:\/\/www.lesamisdeceillac.fr\/wp-content\/uploads\/2024\/09\/dentelle-1024x790.png\" alt=\"\" class=\"wp-image-273\" style=\"width:175px;height:auto\" srcset=\"https:\/\/www.lesamisdeceillac.fr\/wp-content\/uploads\/2024\/09\/dentelle-1024x790.png 1024w, https:\/\/www.lesamisdeceillac.fr\/wp-content\/uploads\/2024\/09\/dentelle-300x232.png 300w, https:\/\/www.lesamisdeceillac.fr\/wp-content\/uploads\/2024\/09\/dentelle-768x593.png 768w, https:\/\/www.lesamisdeceillac.fr\/wp-content\/uploads\/2024\/09\/dentelle-1536x1185.png 1536w, https:\/\/www.lesamisdeceillac.fr\/wp-content\/uploads\/2024\/09\/dentelle-2048x1581.png 2048w\" sizes=\"auto, (max-width: 1024px) 100vw, 1024px\" \/><\/figure>\n\n\n\n<div style=\"height:14px\" aria-hidden=\"true\" class=\"wp-block-spacer\"><\/div>\n\n\n\n<p><strong>Utilisation : <\/strong>98% de vos cotisations et dons sont utilis\u00e9s pour les actions de mise en valeur et de sauvegarde.<\/p>\n\n\n\n<p><strong>Particulier :<\/strong> Vous pouvez d\u00e9duire 66% de votre don \u00e0<em> \u00ab\u00a0Les amis de Ceillac\u00a0\u00bb<\/em> dans la limite de 20% de votre revenu imposable.<\/p>\n\n\n\n<p><strong>Organisme :<\/strong> L\u2019ensemble des versements \u00e0 <em><em>\u00ab\u00a0Les amis de Ceillac\u00a0\u00bb<\/em><\/em> permet de b\u00e9n\u00e9ficier d\u2019une r\u00e9duction d\u2019imp\u00f4t sur les soci\u00e9t\u00e9s de 60% du montant de ces versements, pris dans la limite de 0,5% du C.A. H.T. de l\u2019entreprise. Au-del\u00e0 de 0,5% ou en cas d\u2019exercice d\u00e9ficitaire, l\u2019exc\u00e9dent est reportable.<\/p>\n\n\n\n<div style=\"height:21px\" aria-hidden=\"true\" class=\"wp-block-spacer\"><\/div>\n\n\n\n<figure class=\"wp-block-image aligncenter size-large is-resized\"><img loading=\"lazy\" decoding=\"async\" width=\"1024\" height=\"649\" src=\"https:\/\/www.lesamisdeceillac.fr\/wp-content\/uploads\/2024\/09\/taillo-pan-1024x649.png\" alt=\"\" class=\"wp-image-275\" style=\"width:216px;height:auto\" srcset=\"https:\/\/www.lesamisdeceillac.fr\/wp-content\/uploads\/2024\/09\/taillo-pan-1024x649.png 1024w, https:\/\/www.lesamisdeceillac.fr\/wp-content\/uploads\/2024\/09\/taillo-pan-300x190.png 300w, https:\/\/www.lesamisdeceillac.fr\/wp-content\/uploads\/2024\/09\/taillo-pan-768x486.png 768w, https:\/\/www.lesamisdeceillac.fr\/wp-content\/uploads\/2024\/09\/taillo-pan-1536x973.png 1536w, https:\/\/www.lesamisdeceillac.fr\/wp-content\/uploads\/2024\/09\/taillo-pan-2048x1297.png 2048w\" sizes=\"auto, (max-width: 1024px) 100vw, 1024px\" \/><\/figure>\n\n\n\n<p>Pour adh\u00e9rer et nous aider, il vous est possible d&rsquo;envoyer un ch\u00e8que \u00e0 l&rsquo;ordre de <em>\u00ab\u00a0Les amis de Ceillac\u00a0\u00bb<\/em> \u00e0 l&rsquo;adresse suivante <em>(un re\u00e7u fiscal vous sera envoy\u00e9)<\/em> : <em>\u00ab\u00a0Les amis de Ceillac\u00a0\u00bb<\/em> &#8211; Place Philippe Lamour ~ 05600 Ceillac.<\/p>\n\n\n\n<div style=\"height:14px\" aria-hidden=\"true\" class=\"wp-block-spacer\"><\/div>\n\n\n\n<p class=\"has-text-align-center\"><strong><mark style=\"background-color:rgba(0, 0, 0, 0);color:#9c0d0d\" class=\"has-inline-color\">OU<\/mark><\/strong><\/p>\n\n\n\n<div style=\"height:12px\" aria-hidden=\"true\" class=\"wp-block-spacer\"><\/div>\n\n\n\n<div class=\"wp-block-columns is-layout-flex wp-container-core-columns-is-layout-28f84493 wp-block-columns-is-layout-flex\">\n<div class=\"wp-block-column is-layout-flow wp-block-column-is-layout-flow\" style=\"flex-basis:33.33%\">\n<div style=\"height:25px\" aria-hidden=\"true\" class=\"wp-block-spacer\"><\/div>\n\n\n\n<figure class=\"wp-block-image size-full is-resized\"><a href=\"https:\/\/www.helloasso.com\/associations\/les-amis-de-ceillac\" target=\"_blank\" rel=\" noreferrer noopener\"><img loading=\"lazy\" decoding=\"async\" width=\"2000\" height=\"435\" src=\"https:\/\/www.lesamisdeceillac.fr\/wp-content\/uploads\/2025\/02\/Logo-HelloAsso.png\" alt=\"\" class=\"wp-image-1005\" style=\"width:301px;height:auto\" srcset=\"https:\/\/www.lesamisdeceillac.fr\/wp-content\/uploads\/2025\/02\/Logo-HelloAsso.png 2000w, https:\/\/www.lesamisdeceillac.fr\/wp-content\/uploads\/2025\/02\/Logo-HelloAsso-300x65.png 300w, https:\/\/www.lesamisdeceillac.fr\/wp-content\/uploads\/2025\/02\/Logo-HelloAsso-768x167.png 768w, https:\/\/www.lesamisdeceillac.fr\/wp-content\/uploads\/2025\/02\/Logo-HelloAsso-1536x334.png 1536w\" sizes=\"auto, (max-width: 2000px) 100vw, 2000px\" \/><\/a><\/figure>\n\n\n\n<h6 class=\"wp-block-heading has-text-align-center\">Pour adh\u00e9rer et\/ou offrir un don<\/h6>\n<\/div>\n\n\n\n<div class=\"wp-block-column is-layout-flow wp-block-column-is-layout-flow\" style=\"flex-basis:66.66%\">\n<p>Il est possible de r\u00e9gler sa cotisation en ligne, avec \u00e9ventuellement un don, en cliquant sur le bouton, ci-contre \u00ab\u00a0Adh\u00e9rer\u00a0\u00bb.<br>Cela renvoie sur le site HelloAsso, un site qui regroupe plus de 350.000 associations et qui permet, via un paiement s\u00e9curis\u00e9, d&rsquo;adh\u00e9rer et, le cas \u00e9ch\u00e9ant d&rsquo;offrir un don, \u00e0  notre association <em>(attention \u00e0 ne pas utiliser de VPN).<\/em><br>Une confirmation par mail est imm\u00e9diatement envoy\u00e9e avec un lien pour t\u00e9l\u00e9charger un re\u00e7u fiscal en cas de don <em>(les adh\u00e9sions ne peuvent faire l&rsquo;objet de re\u00e7us fiscaux)<\/em>.<\/p>\n<\/div>\n<\/div>\n\n\n\n<div style=\"height:12px\" aria-hidden=\"true\" class=\"wp-block-spacer\"><\/div>\n\n\n\n<figure class=\"wp-block-image aligncenter size-large is-resized\"><img loading=\"lazy\" decoding=\"async\" width=\"942\" height=\"1024\" src=\"https:\/\/www.lesamisdeceillac.fr\/wp-content\/uploads\/2024\/09\/lampe-huile-942x1024.gif\" alt=\"\" class=\"wp-image-277\" style=\"width:126px;height:auto\" srcset=\"https:\/\/www.lesamisdeceillac.fr\/wp-content\/uploads\/2024\/09\/lampe-huile-942x1024.gif 942w, https:\/\/www.lesamisdeceillac.fr\/wp-content\/uploads\/2024\/09\/lampe-huile-276x300.gif 276w, https:\/\/www.lesamisdeceillac.fr\/wp-content\/uploads\/2024\/09\/lampe-huile-768x835.gif 768w, https:\/\/www.lesamisdeceillac.fr\/wp-content\/uploads\/2024\/09\/lampe-huile-1413x1536.gif 1413w\" sizes=\"auto, (max-width: 942px) 100vw, 942px\" \/><\/figure>\n\n\n\n<div style=\"height:22px\" aria-hidden=\"true\" class=\"wp-block-spacer\"><\/div>\n\n\n\n<p><\/p>\n","protected":false},"excerpt":{"rendered":"<p>Parce que notre mission \u00ab\u00a0La sauvegarde et la mise en valeur des patrimoines Ceillaquins\u00a0\u00bb n\u00e9cessite des moyens, nous avons besoin de votre soutien. Utilisation : 98% de vos cotisations et dons sont utilis\u00e9s pour les actions de mise en valeur et de sauvegarde. Particulier : Vous pouvez d\u00e9duire 66% de votre don \u00e0 \u00ab\u00a0Les amis [&hellip;]<\/p>\n","protected":false},"author":1,"featured_media":0,"parent":0,"menu_order":0,"comment_status":"closed","ping_status":"closed","template":"","meta":{"footnotes":""},"class_list":["post-368","page","type-page","status-publish","hentry"],"blocksy_meta":[],"_links":{"self":[{"href":"https:\/\/www.lesamisdeceillac.fr\/index.php\/wp-json\/wp\/v2\/pages\/368","targetHints":{"allow":["GET"]}}],"collection":[{"href":"https:\/\/www.lesamisdeceillac.fr\/index.php\/wp-json\/wp\/v2\/pages"}],"about":[{"href":"https:\/\/www.lesamisdeceillac.fr\/index.php\/wp-json\/wp\/v2\/types\/page"}],"author":[{"embeddable":true,"href":"https:\/\/www.lesamisdeceillac.fr\/index.php\/wp-json\/wp\/v2\/users\/1"}],"replies":[{"embeddable":true,"href":"https:\/\/www.lesamisdeceillac.fr\/index.php\/wp-json\/wp\/v2\/comments?post=368"}],"version-history":[{"count":31,"href":"https:\/\/www.lesamisdeceillac.fr\/index.php\/wp-json\/wp\/v2\/pages\/368\/revisions"}],"predecessor-version":[{"id":1026,"href":"https:\/\/www.lesamisdeceillac.fr\/index.php\/wp-json\/wp\/v2\/pages\/368\/revisions\/1026"}],"wp:attachment":[{"href":"https:\/\/www.lesamisdeceillac.fr\/index.php\/wp-json\/wp\/v2\/media?parent=368"}],"curies":[{"name":"wp","href":"https:\/\/api.w.org\/{rel}","templated":true}]}}

ADHÉRER ~ NOUS AIDER

<p>Parce que notre mission « La sauvegarde et la mise en valeur des patrimoines Ceillaquins » nécessite des moyens, nous avons besoin de votre soutien.</p>



<div style="height:21px" aria-hidden="true" class="wp-block-spacer"></div>



<figure class="wp-block-image aligncenter size-large is-resized"><img loading="lazy" decoding="async" width="1024" height="790" src="https://www.lesamisdeceillac.fr/wp-content/uploads/2024/09/dentelle-1024x790.png" alt="" class="wp-image-273" style="width:175px;height:auto" srcset="https://www.lesamisdeceillac.fr/wp-content/uploads/2024/09/dentelle-1024x790.png 1024w, https://www.lesamisdeceillac.fr/wp-content/uploads/2024/09/dentelle-300x232.png 300w, https://www.lesamisdeceillac.fr/wp-content/uploads/2024/09/dentelle-768x593.png 768w, https://www.lesamisdeceillac.fr/wp-content/uploads/2024/09/dentelle-1536x1185.png 1536w, https://www.lesamisdeceillac.fr/wp-content/uploads/2024/09/dentelle-2048x1581.png 2048w" sizes="auto, (max-width: 1024px) 100vw, 1024px" /></figure>



<div style="height:14px" aria-hidden="true" class="wp-block-spacer"></div>



<p><strong>Utilisation : </strong>98% de vos cotisations et dons sont utilisés pour les actions de mise en valeur et de sauvegarde.</p>



<p><strong>Particulier :</strong> Vous pouvez déduire 66% de votre don à<em> « Les amis de Ceillac »</em> dans la limite de 20% de votre revenu imposable.</p>



<p><strong>Organisme :</strong> L’ensemble des versements à <em><em>« Les amis de Ceillac »</em></em> permet de bénéficier d’une réduction d’impôt sur les sociétés de 60% du montant de ces versements, pris dans la limite de 0,5% du C.A. H.T. de l’entreprise. Au-delà de 0,5% ou en cas d’exercice déficitaire, l’excédent est reportable.</p>



<div style="height:21px" aria-hidden="true" class="wp-block-spacer"></div>



<figure class="wp-block-image aligncenter size-large is-resized"><img loading="lazy" decoding="async" width="1024" height="649" src="https://www.lesamisdeceillac.fr/wp-content/uploads/2024/09/taillo-pan-1024x649.png" alt="" class="wp-image-275" style="width:216px;height:auto" srcset="https://www.lesamisdeceillac.fr/wp-content/uploads/2024/09/taillo-pan-1024x649.png 1024w, https://www.lesamisdeceillac.fr/wp-content/uploads/2024/09/taillo-pan-300x190.png 300w, https://www.lesamisdeceillac.fr/wp-content/uploads/2024/09/taillo-pan-768x486.png 768w, https://www.lesamisdeceillac.fr/wp-content/uploads/2024/09/taillo-pan-1536x973.png 1536w, https://www.lesamisdeceillac.fr/wp-content/uploads/2024/09/taillo-pan-2048x1297.png 2048w" sizes="auto, (max-width: 1024px) 100vw, 1024px" /></figure>



<p>Pour adhérer et nous aider, il vous est possible d&rsquo;envoyer un chèque à l&rsquo;ordre de <em>« Les amis de Ceillac »</em> à l&rsquo;adresse suivante <em>(un reçu fiscal vous sera envoyé)</em> : <em>« Les amis de Ceillac »</em> &#8211; Place Philippe Lamour ~ 05600 Ceillac.</p>



<div style="height:14px" aria-hidden="true" class="wp-block-spacer"></div>



<p class="has-text-align-center"><strong><mark style="background-color:rgba(0, 0, 0, 0);color:#9c0d0d" class="has-inline-color">OU</mark></strong></p>



<div style="height:12px" aria-hidden="true" class="wp-block-spacer"></div>



<div class="wp-block-columns is-layout-flex wp-container-core-columns-is-layout-28f84493 wp-block-columns-is-layout-flex">
<div class="wp-block-column is-layout-flow wp-block-column-is-layout-flow" style="flex-basis:33.33%">
<div style="height:25px" aria-hidden="true" class="wp-block-spacer"></div>



<figure class="wp-block-image size-full is-resized"><a href="https://www.helloasso.com/associations/les-amis-de-ceillac" target="_blank" rel=" noreferrer noopener"><img loading="lazy" decoding="async" width="2000" height="435" src="https://www.lesamisdeceillac.fr/wp-content/uploads/2025/02/Logo-HelloAsso.png" alt="" class="wp-image-1005" style="width:301px;height:auto" srcset="https://www.lesamisdeceillac.fr/wp-content/uploads/2025/02/Logo-HelloAsso.png 2000w, https://www.lesamisdeceillac.fr/wp-content/uploads/2025/02/Logo-HelloAsso-300x65.png 300w, https://www.lesamisdeceillac.fr/wp-content/uploads/2025/02/Logo-HelloAsso-768x167.png 768w, https://www.lesamisdeceillac.fr/wp-content/uploads/2025/02/Logo-HelloAsso-1536x334.png 1536w" sizes="auto, (max-width: 2000px) 100vw, 2000px" /></a></figure>



<h6 class="wp-block-heading has-text-align-center">Pour adhérer et/ou offrir un don</h6>
</div>



<div class="wp-block-column is-layout-flow wp-block-column-is-layout-flow" style="flex-basis:66.66%">
<p>Il est possible de régler sa cotisation en ligne, avec éventuellement un don, en cliquant sur le bouton, ci-contre « Adhérer ».<br>Cela renvoie sur le site HelloAsso, un site qui regroupe plus de 350.000 associations et qui permet, via un paiement sécurisé, d&rsquo;adhérer et, le cas échéant d&rsquo;offrir un don, à  notre association <em>(attention à ne pas utiliser de VPN).</em><br>Une confirmation par mail est immédiatement envoyée avec un lien pour télécharger un reçu fiscal en cas de don <em>(les adhésions ne peuvent faire l&rsquo;objet de reçus fiscaux)</em>.</p>
</div>
</div>



<div style="height:12px" aria-hidden="true" class="wp-block-spacer"></div>



<figure class="wp-block-image aligncenter size-large is-resized"><img loading="lazy" decoding="async" width="942" height="1024" src="https://www.lesamisdeceillac.fr/wp-content/uploads/2024/09/lampe-huile-942x1024.gif" alt="" class="wp-image-277" style="width:126px;height:auto" srcset="https://www.lesamisdeceillac.fr/wp-content/uploads/2024/09/lampe-huile-942x1024.gif 942w, https://www.lesamisdeceillac.fr/wp-content/uploads/2024/09/lampe-huile-276x300.gif 276w, https://www.lesamisdeceillac.fr/wp-content/uploads/2024/09/lampe-huile-768x835.gif 768w, https://www.lesamisdeceillac.fr/wp-content/uploads/2024/09/lampe-huile-1413x1536.gif 1413w" sizes="auto, (max-width: 942px) 100vw, 942px" /></figure>



<div style="height:22px" aria-hidden="true" class="wp-block-spacer"></div>



<p></p>

<p>Parce que notre mission « La sauvegarde et la mise en valeur des patrimoines Ceillaquins » nécessite des moyens, nous avons besoin de votre soutien. Utilisation : 98% de vos cotisations et dons sont utilisés pour les actions de mise en valeur et de sauvegarde. Particulier : Vous pouvez déduire 66% de votre don à « Les amis [&hellip;]</p>
